{"id":25,"date":"2025-07-08T13:11:23","date_gmt":"2025-07-08T13:11:23","guid":{"rendered":"https:\/\/120.edukovac.xyz\/?page_id=25"},"modified":"2025-07-08T13:39:05","modified_gmt":"2025-07-08T13:39:05","slug":"tennis-school-gile","status":"publish","type":"page","link":"https:\/\/120.edukovac.xyz\/","title":{"rendered":"Tennis school Gile"},"content":{"rendered":"<p>[et_pb_section fb_built=&#8221;1&#8243; theme_builder_area=&#8221;post_content&#8221; _builder_version=&#8221;4.15.1&#8243; _module_preset=&#8221;default&#8221;][et_pb_row _builder_version=&#8221;4.15.1&#8243; _module_preset=&#8221;default&#8221; theme_builder_area=&#8221;post_content&#8221;][et_pb_column _builder_version=&#8221;4.15.1&#8243; _module_preset=&#8221;default&#8221; type=&#8221;4_4&#8243; theme_builder_area=&#8221;post_content&#8221;][et_pb_slider _builder_version=&#8221;4.15.1&#8243; _module_preset=&#8221;default&#8221; theme_builder_area=&#8221;post_content&#8221; hover_enabled=&#8221;0&#8243; sticky_enabled=&#8221;0&#8243; header_level=&#8221;h1&#8243; header_text_color=&#8221;#FFFFFF&#8221; header_font=&#8221;|800|||||||&#8221; body_font_size=&#8221;17px&#8221; width=&#8221;98%&#8221; max_width=&#8221;86%&#8221; show_image_video_mobile=&#8221;on&#8221;][et_pb_slide heading=&#8221;Tennis school Gile&#8221; button_text=&#8221;Click Here&#8221; _builder_version=&#8221;4.15.1&#8243; _module_preset=&#8221;default&#8221; theme_builder_area=&#8221;post_content&#8221; hover_enabled=&#8221;0&#8243; sticky_enabled=&#8221;0&#8243; title_text=&#8221;Tennis school Gile (1080 x 1350 px) (985 x 985 px) (985 x 985 px)&#8221; background_image=&#8221;http:\/\/120.edukovac.xyz\/wp-content\/uploads\/2025\/07\/Tennis-school-Gile-1080-x-1350-px-985-x-985-px-985-x-985-px.png&#8221; background_enable_image=&#8221;on&#8221; heading__hover_enabled=&#8221;on|desktop&#8221; heading_last_edited=&#8221;off|desktop&#8221; heading__hover=&#8221;Tennis school Gile&#8221;]<\/p>\n<div>\n<p><span data-canva-clipboard=\"ewAiAGEAIgA6ADUALAAiAGgAIgA6ACIAdwB3AHcALgBjAGEAbgB2AGEALgBjAG8AbQAiACwAIgBjACIAOgAiAEQAQQBHAG0ASABNADYARQBTADIAQQAiACwAIgBpACIAOgAiAEgATQBaAEUAcgB5AEsAZQBIADYATAAtAEEAVAA1AHMAXwA2AGUARgBrAHcAIgAsACIAYgAiADoAMQA3ADUAMQA5ADgAMAA5ADIAMQA3ADgANAAsACIAQQA\/ACIAOgAiAEIAIgAsACIAQQAiADoAWwB7ACIAQQAiADoAMQAzADYALgA5ADYANgA2ADcALAAiAEIAIgA6ADIANQA2AC4AMgA5ADYAOQA0ADIAOQA2ADYAOAA2ADcAOQAsACIARAAiADoANAA2ADIALgAzADMANQAxADUANAA1ADcANAA1ADIAMQA2ADUALAAiAEMAIgA6ADEAMAA0AC4AMQAwADIAOAAyACwAIgBUACIAOgB7ACIAQQBBAEEAQgBsAC0ARwBYAGsAXwBmAFkARwBGAHEAVgBsAF8AbwBPAF8AUQAiADoAMQB9ACwAIgBBAD8AIgA6ACIASwAiACwAIgBhACIAOgB7ACIAQQAiADoAWwB7ACIAQQA\/ACIAOgAiAEEAIgAsACIAQQAiADoAIgBEAG8AYgByAG8AZABvAGEBbABpACAAbgBhACAAVABlAG4AbgBpAHMAIABTAGMAaABvAG8AbAAgAEcAaQBsAGUAIAATICAAZwBkAGUAIABzAHYAYQBrAGkAIAB1AGQAYQByAGEAYwAgAGcAcgBhAGQAaQAgAGEBYQBtAHAAaQBvAG4AYQAhACAAUAByAGkAZAByAHUAfgFpAHQAZQAgAHMAZQAgAG4AYQBhAWkAbQAgAA0BYQBzAG8AdgBpAG0AYQAgAGkAIAByAGEAegB2AGkAagB0AGUAIAB2AGUAYQF0AGkAbgB1ACwAIABzAHQAcgBhAHMAdAAgAGkAIABsAGoAdQBiAGEAdgAgAHAAcgBlAG0AYQAgAHQAZQBuAGkAcwB1AC4AXABuACIAfQBdACwAIgBCACIAOgBbAHsAIgBBAD8AIgA6ACIAQQAiACwAIgBBACIAOgB7ACIAdAByAGEAYwBrAGkAbgBnACIAOgB7ACIAQgAiADoAIgAwAC4AMAAiAH0ALAAiAGYAbwBuAHQALQB3AGUAaQBnAGgAdAAiADoAewAiAEIAIgA6ACIAYgBvAGwAZAAiAH0ALAAiAGYAbwBuAHQALQBmAGEAbQBpAGwAeQAiADoAewAiAEIAIgA6ACIAWQBBAEYAZABKAHQAOABkAEEAWQAwACwAMAAiAH0ALAAiAGYAbwBuAHQALQBrAGUAcgBuAGkAbgBnACIAOgB7ACIAQgAiADoAIgBuAG8AcgBtAGEAbAAiAH0ALAAiAHMAcABhAGMAaQBuAGcAIgA6AHsAIgBCACIAOgAiADAALgAwACIAfQAsACIAZgBvAG4AdAAtAHMAaQB6AGUAIgA6AHsAIgBCACIAOgAiADEAOQAuADQAOAA1ADkAIgB9ACwAIgBsAGUAYQBkAGkAbgBnACIAOgB7ACIAQgAiADoAIgAxADQAMAAwAC4AMAAiAH0ALAAiAHQAZQB4AHQALQBhAGwAaQBnAG4AIgA6AHsAIgBCACIAOgAiAGMAZQBuAHQAZQByACIAfQAsACIAdABlAHgAdAAtAHQAcgBhAG4AcwBmAG8AcgBtACIAOgB7ACIAQgAiADoAIgBuAG8AbgBlACIAfQAsACIAZgBvAG4AdAAtAHMAdAB5AGwAZQAiADoAewAiAEIAIgA6ACIAaQB0AGEAbABpAGMAIgB9ACwAIgBjAG8AbABvAHIAIgA6AHsAIgBCACIAOgAiACMANQBjAGUAMQBlADYAIgB9AH0AfQAsAHsAIgBBAD8AIgA6ACIAQgAiACwAIgBBACIAOgAxADQANwB9ACwAewAiAEEAPwAiADoAIgBBACIALAAiAEEAIgA6AHsAIgB0AHIAYQBjAGsAaQBuAGcAIgA6AHsAfQAsACIAZgBvAG4AdAAtAHcAZQBpAGcAaAB0ACIAOgB7AH0ALAAiAGYAbwBuAHQALQBmAGEAbQBpAGwAeQAiADoAewB9ACwAIgBmAG8AbgB0AC0AawBlAHIAbgBpAG4AZwAiADoAewB9ACwAIgBzAHAAYQBjAGkAbgBnACIAOgB7AH0ALAAiAGYAbwBuAHQALQBzAGkAegBlACIAOgB7AH0ALAAiAGwAZQBhAGQAaQBuAGcAIgA6AHsAfQAsACIAdABlAHgAdAAtAGEAbABpAGcAbgAiADoAewB9ACwAIgB0AGUAeAB0AC0AdAByAGEAbgBzAGYAbwByAG0AIgA6AHsAfQAsACIAZgBvAG4AdAAtAHMAdAB5AGwAZQAiADoAewB9ACwAIgBjAG8AbABvAHIAIgA6AHsAfQB9AH0AXQB9ACwAIgBiACIAOgB7ACIAQQAiADoAWwA0ADUALAA0ADMALAA1ADEALAA4AF0AfQAsACIAZAAiADoAIgBBACIALAAiAGgAIgA6ACIAQQAiAH0AXQAsACIAQgAiADoAOAA1ADEALAAiAEMAIgA6ADMAMQA1AH0A\"><\/span><\/p>\n<div>\n<div>\n<p><span>Dobrodo\u0161li na Tennis School Gile \u2013 gde svaki udarac gradi \u0161ampiona! Pridru\u017eite se na\u0161im \u010dasovima i razvijte ve\u0161tinu, strast i ljubav prema tenisu.<\/span><\/p>\n<\/div>\n<\/div>\n<\/div>\n<p>[\/et_pb_slide][et_pb_slide heading=&#8221;Your Title Goes Here&#8221; button_text=&#8221;Click Here&#8221; _builder_version=&#8221;4.15.1&#8243; _module_preset=&#8221;default&#8221; theme_builder_area=&#8221;post_content&#8221;]<\/p>\n<p>Your content goes here. Edit or remove this text inline or in the module Content settings. You can also style every aspect of this content in the module Design settings and even apply custom CSS to this text in the module Advanced settings.<\/p>\n<p>[\/et_pb_slide][\/et_pb_slider][\/et_pb_column][\/et_pb_row][\/et_pb_section]<\/p>\n","protected":false},"excerpt":{"rendered":"<p>Dobrodo\u0161li na Tennis School Gile \u2013 gde svaki udarac gradi \u0161ampiona! Pridru\u017eite se na\u0161im \u010dasovima i razvijte ve\u0161tinu, strast i ljubav prema tenisu. Your content goes here. Edit or remove this text inline or in the module Content settings. You can also style every aspect of this content in the module Design settings and even [&hellip;]<\/p>\n","protected":false},"author":1,"featured_media":0,"parent":0,"menu_order":0,"comment_status":"closed","ping_status":"closed","template":"","meta":{"_et_pb_use_builder":"on","_et_pb_old_content":"","_et_gb_content_width":"","footnotes":""},"class_list":["post-25","page","type-page","status-publish","hentry"],"_links":{"self":[{"href":"https:\/\/120.edukovac.xyz\/index.php\/wp-json\/wp\/v2\/pages\/25","targetHints":{"allow":["GET"]}}],"collection":[{"href":"https:\/\/120.edukovac.xyz\/index.php\/wp-json\/wp\/v2\/pages"}],"about":[{"href":"https:\/\/120.edukovac.xyz\/index.php\/wp-json\/wp\/v2\/types\/page"}],"author":[{"embeddable":true,"href":"https:\/\/120.edukovac.xyz\/index.php\/wp-json\/wp\/v2\/users\/1"}],"replies":[{"embeddable":true,"href":"https:\/\/120.edukovac.xyz\/index.php\/wp-json\/wp\/v2\/comments?post=25"}],"version-history":[{"count":3,"href":"https:\/\/120.edukovac.xyz\/index.php\/wp-json\/wp\/v2\/pages\/25\/revisions"}],"predecessor-version":[{"id":32,"href":"https:\/\/120.edukovac.xyz\/index.php\/wp-json\/wp\/v2\/pages\/25\/revisions\/32"}],"wp:attachment":[{"href":"https:\/\/120.edukovac.xyz\/index.php\/wp-json\/wp\/v2\/media?parent=25"}],"curies":[{"name":"wp","href":"https:\/\/api.w.org\/{rel}","templated":true}]}}